se 4, what is 103012 - 333?
102013
In base 16, what is -ff2 - 6d?
-105f
In base 11, what is -6 - -9034?
9029
In base 16, what is -a8a4 + -b?
-a8af
In base 9, what is 1 + 21306?
21307
In base 3, what is 1 + 21222100?
21222101
In base 5, what is 4 + -104220313?
-104220304
In base 6, what is 3304330 + -13?
3304313
In base 13, what is -2c800 + 3?
-2c7ca
In base 12, what is -301 - -3939?
3638
In base 16, what is -c20 + -7?
-c27
In base 2, what is 1110 + -10110100010?
-10110010100
In base 8, what is 32 - -3475?
3527
In base 14, what is -63c98 + 0?
-63c98
In base 9, what is 203 - 2840?
-2636
In base 7, what is -2 - 3365?
-3400
In base 16, what is -23 - 6f1f?
-6f42
In base 11, what is -39 + -4?
-42
In base 4, what is 1010200121 - 1?
1010200120
In base 9, what is 84510 + 28?
84538
In base 5, what is 13 + -1040333?
-1040320
In base 3, what is -1102011 + -212?
-1110000
In base 6, what is -40144 + -14?
-40202
In base 16, what is -886 + 9?
-87d
In base 11, what is -7461 + -17?
-7478
In base 12, what is -747 + 187?
-580
In base 2, what is 1010001 - -1100101001?
1101111010
In base 9, what is 158443 - 22?
158421
In base 14, what is -b6 - 208?
-2c0
In base 12, what is -1a + -193a?
-1958
In base 16, what is -32d39 - 2?
-32d3b
In base 8, what is -152 - 21067?
-21241
In base 4, what is -11 - -13003021?
13003010
In base 10, what is -1261 + 0?
-1261
In base 11, what is 41a6 + 28?
4223
In base 12, what is 5 - a960?
-a957
In base 2, what is 11 + -1010111111010011?
-1010111111010000
In base 9, what is -1023705 - 5?
-1023711
In base 14, what is -738 + 1a?
-71c
In base 13, what is 4 - a297?
-a293
In base 13, what is -8 + -64a?
-655
In base 3, what is 1110020 - 1012?
1102001
In base 12, what is -7 + -21a3?
-21aa
In base 3, what is -11 - -2211210201?
2211210120
In base 6, what is 13114 + -544?
12130
In base 13, what is -96 + -939c?
-9465
In base 9, what is 3864 - 38?
3825
In base 16, what is 4fe8d6 + -2?
4fe8d4
In base 4, what is 2 - -3222223?
3222231
In base 9, what is -648 + -833?
-1582
In base 11, what is -5 - -7332?
7328
In base 6, what is 1405 + -5214?
-3405
In base 7, what is 2321 + 25?
2346
In base 14, what is -13ba4 + 2?
-13ba2
In base 9, what is 4428 + 16?
4445
In base 13, what is 107 + 23c1?
24c8
In base 6, what is 1 + -2522?
-2521
In base 7, what is -3 + -3405120?
-3405123
In base 9, what is 5010 - -11?
5021
In base 3, what is -11021110 - -21?
-11021012
In base 16, what is -73679 - -5?
-73674
In base 5, what is -3 + -3040110?
-3040113
In base 7, what is 44 + -136365?
-136321
In base 13, what is -1 - -267ba7?
267ba6
In base 13, what is c - -4c0?
4cc
In base 3, what is 11 + -120111200?
-120111112
In base 3, what is 201102002 + 10?
201102012
In base 10, what is 1 - 13866?
-13865
In base 9, what is -41 + 52316?
52265
In base 16, what is -1051 - 2?
-1053
In base 12, what is 170 + -383?
-213
In base 7, what is 6102613 - -2?
6102615
In base 8, what is 3143 + -140?
3003
In base 11, what is 173 + 11a?
292
In base 12, what is a07a - -a5?
a163
In base 14, what is -1 + -11ddc2?
-11ddc3
In base 4, what is -323102 + 323?
-322113
In base 12, what is 2 + -17a57?
-17a55
In base 8, what is -1050 + 263?
-565
In base 11, what is -102341 - -4?
-102338
In base 9, what is -13 + 12102?
12078
In base 8, what is -24710 + 15?
-24673
In base 16, what is 238f + -20?
236f
In base 3, what is -12112220020 + 0?
-12112220020
In base 6, what is -542 - 14?
-1000
In base 3, what is -1022121 - 1121?
-1101012
In base 5, what is 0 - 114444?
-114444
In base 5, what is 1304410344 - 2?
1304410342
In base 15, what is 16cc3 - -1?
16cc4
In base 4, what is 2312032 + -100?
2311332
In base 4, what is 112 + 1231213?
1231331
In base 4, what is -21 + 2131?
2110
In base 15, what is 5 + 37e85?
37e8a
In base 13, what is -b + 21?
13
In base 15, what is -15 + 1510?
14ea
In base 9, what is 624504 + 4?
624508
In base 9, what is -700 - -120?
-570
In base 13, what is 0 - 16961?
-16961
In base 7, what is 1311 - 12641?
-11330
In base 7, what is -31 + -561?
-622
In base 13, what is 0 - b17c?
-b17c
In base 6, what is 33 + 34145?
34222
In base 14, what is -91 + -82?
-133
In base 3, what is 2010101200 - 20?
2010101110
In base 6, what is 1 + 2054511?
2054512
In base 16, what is 3 - 16915?
-16912
In base 3, what is -201 + -2122211?
-2200112
In base 2, what is -1000100 - 1001010101001?
-1001011101101
In base 12, what is 2426 - -a?
2434
In base 16, what is -2 + 110d6?
110d4
In base 3, what is 2201112 - -2120?
2211002
In base 2, what is -10 - -10111000001010000111?
10111000001010000101
In base 13, what is 1954 - 4b7?
146a
In base 7, what is 204040 + -31?
204006
In base 5, what is 2212 + 11040?
13302
In base 5, what is -20343401 - -4?
-20343342
In base 13, what is b + 39738?
39746
In base 4, what is -320 - 31100123?
-31101103
In base 12, what is 584 - -997?
135b
In base 12, what is -48672 - 43?
-486b5
In base 15, what is -1 + 583a?
5839
In base 5, what is -4031221 - 3?
-4031224
In base 5, what is -3114033 + 4?
-3114024
In base 3, what is 12 - -21101200?
21101212
In base 11, what is 3 - -1aa?
202
In base 15, what is -5 + -79578?
-7957d
In base 11, what is 15359 - 0?
15359
In base 7, what is -46305 - 203?
-46511
In base 8, what is -1 - 505?
-506
In base 10, what is -10544 + -2?
-10546
In base 7, what is 306600 + -5?
306562
In base 9, what is -11 - -64501?
64480
In base 5, what is 330 - -314441?
320321
In base 4, what is 1230323 - 1010?
1223313
In base 16, what is -1 + 14df?
14de
In base 9, what is 200636 + 1?
200637
In base 3, what is -100 + 22111020?
22110220
In base 7, what is 3023402 + 2?
3023404
In base 14, what is 1 + 2864?
2865
In base 11, what is -88a - 29?
-908
In base 13, what is 1b - -98a1?
98bc
In base 9, what is 15522 - 1?
15521
In base 12, what is 5 - 1001a6?
-1001a1
In base 12, what is 155152 + 5?
155157
In base 16, what is 71 + -ae?
-3d
In base 2, what is 1010010000 + -1111101101?
-101011101
In base 2, what is -10000011001101000 + 1010?
-10000011001011110
In base 13, what is -335 - 293?
-5c8
In base 7, what is 3 + -1166245?
-1166242
In base 7, what is 14620666 - -5?
14621004
In base 4, what is -10 + -1230131021?
-1230131031
In base 14, what is -5205 + 5?
-5200
In base 5, what is 114144 + -13411?
100233
In base 4, what is 10323110021 + 0?
10323110021
In base 2, what is 1011111111 - -1001111?
1101001110
In base 6, what is 0 + -11112?
-11112
In base 8, what is 767027 + -7?
767020
In base 3, what is 0 + 2020000?
2020000
In base 12, what is -7 - 23420?
-23427
In base 8, what is 4 + 250030?
250034
In base 2, what is -1110011001000101101 + -1?
-1110011001000101110
In base 7, what is -1644 - -4?
-1640
In base 8, what is -143 + 233?
70
In base 6, what is 2234 + -114?
2120
In base 2, what is -10010 - -1110011111101?
1110011101011
In base 5, what is -2 - 310040?
-310042
In base 14, what is -21 + -2a077?
-2a098
In base 8, what is 1102 - -1252?
2354
In base 13, what is -1b + 17b2?
1794
In base 3, what is -121101200002 + 0?
-121101200002
In base 6, what is 5 - -33300?
33305
In base 14, what is 4b0 + -d1?
3bd
In base 10, what is -2525 - -30?
-2495
In base 16, what is -14 - -30a?
2f6
In base 13, what is 30 - 385a?
-382a
In base 3, what is 1021 + -10111001?
-10102210
In base 15, what is 3 + -60766?
-60763
In base 9, what is -6607 - -5?
-6602
In base 12, what is -3 + 12a45?
12a42
In base 3, what is 11200121 - -20201?
11221022
In base 14, what is 2a44 - -32c?
2d72
In base 14, what is -3bbd4 + 0?
-3bbd4
In base 11, what is 4 + 77392?
77396
In base 7, what is 25051 + -430?
24321
In base 6, what is 4 - 445523?
-445515
In base 14, what is 43a + -d1?
349
In base 4, what is 1222332 - 3202?
1213130
In base 10, what is 791 + 646?
1437
In base 9, what is -342443 - 4?
-342447
In base 12, what is 163 + 2a7?
44a
In base 14, what is 7ab + -9?
7a2
In base 16, what is -58 - 652?
-6aa
In base 6, what is -3 + -104412?
-104415
In base 8, what is -64 - 26240?
-26324
In base 4, what is -321120123 + 10?
-321120113
In base 12, what is -192218 - -5?
-192213
In base 4, what is 13 + -1300112?
-1300033
In base 12, what is -95b + -19?
-978
In base 5, what is 4 - 430334?
-430330
In base 11, what is 4 + 36a89?
36a92
In base 12, what is -1325a0 - 2?
-1325a2
In base 5, what is -1442401 - -3?
-1442343
In base 5, what is 131 - -1132?
1313
In base 4, what is -1 + 101